e?
True
Is 35858699 a composite number?
False
Is 2733011 a prime number?
True
Is 49932989 a composite number?
False
Is 26491277 a composite number?
True
Is 20085061 a prime number?
True
Is 5220277 prime?
True
Is 82808371 a composite number?
False
Is 618917 prime?
False
Is 1812227 a prime number?
True
Is 97462 a prime number?
False
Is 2541229 a prime number?
True
Is 229589321 composite?
True
Is 621817615 prime?
False
Is 494102281 a prime number?
True
Is 9301389 a composite number?
True
Is 841541 a composite number?
False
Is 82891537 prime?
True
Is 3238537 a composite number?
False
Is 219883721 prime?
False
Is 48547882 a composite number?
True
Is 54509431 composite?
False
Is 31193131 a prime number?
True
Is 5719251 a composite number?
True
Is 123510767 a composite number?
False
Is 94163819 a composite number?
False
Is 3794911 a prime number?
False
Is 5610142 composite?
True
Is 122811187 a composite number?
True
Is 419037326 composite?
True
Is 1672241 prime?
False
Is 1729463 a composite number?
True
Is 684353 composite?
True
Is 10870127 composite?
True
Is 1689703 composite?
False
Is 81497177 prime?
True
Is 465983449 a composite number?
False
Is 23018617 prime?
True
Is 35947105 a composite number?
True
Is 17570659 a composite number?
False
Is 1116168505 a prime number?
False
Is 9886891 composite?
True
Is 13066007 prime?
False
Is 15604423 prime?
False
Is 813767 prime?
True
Is 8833223 a prime number?
False
Is 92557897 composite?
False
Is 477513299 a prime number?
True
Is 4054949 a composite number?
False
Is 2692463 composite?
False
Is 32032447 a prime number?
True
Is 11388427 a prime number?
False
Is 902959 a composite number?
True
Is 61804763 composite?
True
Is 691840187 a composite number?
False
Is 106754411 a composite number?
True
Is 3443317 prime?
True
Is 27297209 composite?
True
Is 9842995 prime?
False
Is 48915227 a composite number?
True
Is 99699055 composite?
True
Is 4164019 composite?
False
Is 21430009 a prime number?
False
Is 17848609 prime?
True
Is 347506097 composite?
False
Is 43391 prime?
True
Is 50355413 prime?
True
Is 388525451 a composite number?
True
Is 1124504147 prime?
False
Is 8351227 prime?
True
Is 775239743 a composite number?
True
Is 200090027 a prime number?
False
Is 238739 composite?
True
Is 207444499 composite?
False
Is 745392077 prime?
False
Is 11370463 a composite number?
True
Is 6765647 a prime number?
False
Is 2269529 composite?
False
Is 51789967 prime?
True
Is 2356169 prime?
True
Is 817078 composite?
True
Is 2983243 a prime number?
True
Is 92192713 prime?
True
Is 1336457 a composite number?
False
Is 252359 a prime number?
True
Is 799794653 composite?
True
Is 10725739 a prime number?
True
Is 1962071 a prime number?
True
Is 85815859 a composite number?
False
Is 74989757 a prime number?
True
Is 1644462263 a composite number?
False
Is 50882261 prime?
True
Is 2858599 a composite number?
False
Is 39942263 a composite number?
False
Is 2769002 a prime number?
False
Is 58750187 composite?
False
Is 20303851 a composite number?
True
Is 16877761 composite?
True
Is 3180637 composite?
True
Is 256376311 a prime number?
True
Is 707657 composite?
True
Is 2965507 a composite number?
True
Is 10760261 prime?
True
Is 69327365 prime?
False
Is 3964133 a prime number?
True
Is 109806311 prime?
True
Is 13667606 composite?
True
Is 14093609 a composite number?
False
Is 61007977 a prime number?
True
Is 2624857 prime?
True
Is 46691467 a prime number?
True
Is 545771 a composite number?
True
Is 62025889 a prime number?
False
Is 8748349 a prime number?
False
Is 1158923 a composite number?
False
Is 2818729 a composite number?
False
Is 131673371 composite?
False
Is 3093803 composite?
False
Is 1798861 a prime number?
True
Is 20203049 a prime number?
True
Is 269790263 a prime number?
True
Is 109563371 a composite number?
True
Is 41439053 composite?
False
Is 73691 a prime number?
False
Is 4900083 a prime number?
False
Is 3470081 a composite number?
False
Is 29489071 a composite number?
True
Is 5050391 composite?
True
Is 1108837 prime?
False
Is 378977 composite?
False
Is 6644177 a composite number?
False
Is 1120985537 a composite number?
True
Is 9218733 prime?
False
Is 249262851 composite?
True
Is 1520677 a prime number?
False
Is 6324691 composite?
True
Is 3735577 a composite number?
True
Is 85379093 a prime number?
False
Is 9734423 a composite number?
True
Is 18406153 a composite number?
False
Is 225135791 a composite number?
True
Is 5705409 composite?
True
Is 2174461 a prime number?
True
Is 39538697 composite?
True
Is 2159779 composite?
False
Is 1349502401 a prime number?
False
Is 90999907 a prime number?
False
Is 4124129 prime?
False
Is 2362229 a composite number?
False
Is 5681717 composite?
False
Is 1956719 prime?
True
Is 27583151 composite?
False
Is 198395 composite?
True
Is 132712049 a prime number?
False
Is 1473301 a prime number?
True
Is 3537269 a prime number?
True
Is 159185207 a prime number?
True
Is 6473993 prime?
False
Is 271410537 composite?
True
Is 9358577 prime?
False
Is 82317577 a composite number?
False
Is 1234687 a prime number?
True
Is 456037 composite?
False
Is 219839 composite?
False
Is 138840161 a composite number?
False
Is 3754805 prime?
False
Is 661117211 a prime number?
True
Is 16951729 a composite number?
False
Is 23245459 composite?
False
Is 1821641 a prime number?
True
Is 29764642 a composite number?
True
Is 6157079 composite?
False
Is 3531989 a prime number?
True
Is 43537891 a composite number?
False
Is 11608249 a composite number?
False
Is 802103 a composite number?
False
Is 91818137 a composite number?
False
Is 11579422 a composite number?
True
Is 1907069 a composite number?
True
Is 157486993 a prime number?
False
Is 1744753 a composite number?
False
Is 24850237 prime?
False
Is 32589109 a prime number?
False
Is 1404493 composite?
True
Is 95420183 prime?
True
Is 1300181 a composite number?
False
Is 5043406 a prime number?
False
Is 4270861 composite?
True
Is 61839229 a composite number?
True
Is 9255293 a prime number?
False
Is 2166319 a composite number?
False
Is 191541871 prime?
True
Is 242989 a prime number?
True
Is 307871789 prime?
True
Is 294869 a composite number?
False
Is 2598653 prime?
True
Is 4668247 a prime number?
True
Is 11137163 prime?
True
Is 286163 composite?
False
Is 352174 composite?
True
Is 23170489 composite?
True
Is 184198139 composite?
False
Is 3822719 a prime number?
False
Is 4133758 a composite number?
True
Is 1437203 prime?
True
Is 1813453 prime?
False
Is 73535359 prime?
True
Is 854643395 a composite number?
True
Is 3823319 composite?
False
Is 98297219 prime?
True
Is 26905555 a prime number?
False
Is 1264297 composite?
True
Is 1015642 a composite number?
True
Is 23422697 prime?
False
Is 9119219 prime?
True
Is 204845231 a prime number?
True
Is 16463989 composite?
False
Is 4058749 a prime number?
True
Is 42369317 a prime number?
False
Is 6633973 prime?
False
Is 4281763 a prime number?
False
Is 102784081 prime?
False
Is 17844949 a composite number?
False
Is 137971883 a composite number?
True
Is 1111807 prime?
False
Is 4213487 a composite number?
True
Is 7541431 prime?
True
Is 216779755 composite?
True
Is 49268437 composite?
False
Is 10164599 a composite number?
True
Is 99357439 a composite number?
False
Is 382267 prime?
True
Is 406029979 a prime number?
False
Is 9435989 prime?
False
Is 427754443 composite?
False
Is 75801337 a composite number?
False
Is 1331293 a composite number?
False
Is 13339037 composite?
False
Is 180124319 a composite number?
False
Is 101260567 a composite number?
True
Is 9134701 a prime number?
True
Is 217254137 a composite number?
False
Is 22204963 a composite number?
True
Is 10040867 prime?
False
Is 611495165 a prime number?
False
Is 258765413 a prime number?
True
Is 45791777 prime?
True
Is 4246699 composite?
True
Is 146680111 a prime number?
False
Is 3542057 a prime number?
False
Is 3782351 prime?
False
Is 635599 a prime number?
True
Is 8600763 composite?
True
Is 1657519 prime?
True
Is 278233 a composite number?
False
Is 40343 a composite number?
False
Is 6525427 a composite number?
False
Is 7647157 a composite number?
True
Is 575063 prime?
True
Is 13646173 a composite number?
True
Is 12579077 composite?
True
Is 226305497 prime?
False
Is 964571 composite?
False
Is 5099267 composi